- 6*c**2 + 3*c. Give x(5).
-12
Let x(l) = -8*l - 2. Suppose -11*k + 2*k = -234. Suppose -20*p = 14 + k. Determine x(p).
14
Let y(b) = -24*b + 77. Let w(r) = 70*r + 144. Let t be w(-2). Determine y(t).
-19
Let o(a) = -19*a - 17*a - 52*a - 2 + 89*a. Determine o(-7).
-9
Let b(q) be the first derivative of 0*q**3 + 0*q - 1/24*q**4 - 1/2*q**2 - 24 - 1/15*q**5. Let g(r) be the second derivative of b(r). Calculate g(1).
-5
Let d(k) = k - 4. Let h(m) be the third derivative of m**4/2 - 6*m**3 + 32*m**2. Let q be h(8). Suppose -5*r + q - 25 = 0. Give d(r).
3
Let g(f) = 4*f - 2. Let x(o) = -2 - 4 + 0*o - 10*o**2 - o**3 + o + 2*o**3. Let s be x(10). Suppose -3*k + s*b - 6 = -2, -3*b = -4*k + 4. Give g(k).
14
Let d = -38 - -33. Let a(n) = -1. Let v(x) = -x**3 - 6*x**2 - 7*x - 7. Let k(y) = a(y) - v(y). Calculate k(d).
-4
Suppose 5*x = 2*l - 26, -12*x + 8*x - 18 = -3*l. Let c(j) = -4*j**2 - 9*j - 7. Let m(v) = -5*v**2 - 10*v - 8. Let y(r) = x*c(r) + 5*m(r). Calculate y(6).
-10
Let a(j) be the second derivative of -j**7/840 - j**6/72 + 7*j**5/120 + j**4/24 + 61*j**3/6 + 10*j. Let v(w) be the second derivative of a(w). Give v(-6).
-5
Suppose 19*j = 80 + 205. Let f(l) = -j - 16*l + 51*l - 21*l - 15*l. Suppose -3*n - 5*h = n + 25, h + 27 = -3*n. What is f(n)?
-5
Let v be 1147/3441*(-3)/2*10. Suppose 0 = r + 2*a, r + 4*a = -3*r. Let c(f) = -1 + r*f - 4 - f. Calculate c(v).
0
Let j = 2064 - 2076. Let v(r) = r**3 + 13*r**2 + 16*r + 41. Give v(j).
-7
Let h(n) = -5 - 3*n**2 + 33*n**2 - 31*n**2 - 5*n. Give h(-6).
-11
Let a be (-176)/77 - -7 - 2/(-7). Suppose -27 = -3*d + b, -a*b + 45 = 5*d - 0*b. Let n(j) = j**3 - 9*j**2 - j + 8. Determine n(d).
-1
Let p = -6113 + 6110. Let y(r) = -r**3 + r**2 + 2*r + 5. Give y(p).
35
Let v(p) be the third derivative of p**4/8 - p**3/2 - 2*p**2. Suppose -11*w + 6*w - 1470 = 0. Let m = -292 - w. Calculate v(m).
3
Let k(j) = 55*j**3 - 5*j + 4*j**2 - 160*j**3 + 54*j**3 + 6 + 52*j**3. Determine k(-6).
-36
Suppose -4*n - 27 = -i, -8*i + n + 48 = -4*i. Let t(w) = -29*w + 0*w + i + 28*w. What is t(6)?
5
Let s(r) = 17*r + 98. Let t(v) = -17*v - 87. Let i(y) = -6*s(y) - 5*t(y). What is i(-9)?
0
Let y(l) = -18*l - 3. Let k(v) = -38*v - 11. Let f(a) = k(a) - 2*y(a). Let w(c) = -c**3. Let d be w(0). Suppose d = -g - g - 12. Give f(g).
7
Let g = 34 + -34. Let t be (20/30 - g)/((-2)/9). Let m(b) = 2*b**3 + 3*b**2 - 3*b + 1. What is m(t)?
-17
Let b(q) = -q**3 + 60*q**2 - 66*q + 408. Let k be b(59). Let r(g) = -2*g**2 - 7*g - 2. Calculate r(k).
-17
Let k(j) = 8*j**2 + 19*j + 31. Let m(f) = -f**2 - f - 3. Let h(n) = -k(n) - 6*m(n). What is h(-8)?
-37
Suppose u - 8 = -0*u. Let f be ((-18)/8 + 3)*(u - 0). Suppose -f*w + 10*w = -16. Let a(g) = 2*g + 2. Give a(w).
-6
Let q(w) = w**2 + 3*w - 6. Let u(n) = 2*n + 12. Let h be u(-6). Suppose h = -7*f + 4*f - 3. Let m be 16/(-3) + (6/(-18))/f. Give q(m).
4
Let j(x) = -x**2 + 11*x + 43. Suppose 18*a + 676 = -151*a. Give j(a).
-17
Suppose -7 = j, -111 = -5*z - 200*j + 203*j. Let w(t) = -t**3 + 19*t**2 - 21*t - 18. What is w(z)?
-72
Suppose -439 = -12*z + 4697. Let b = z + -426. Let n(w) = 8*w + 1. Give n(b).
17
Let r = 542 + -533. Let a(f) = -3*f**2 - r + 2*f**2 - 12*f - 5*f**2 + 11 + 7*f**2. Calculate a(12).
2
Let l(p) = p**3 - 6*p**2 + 3*p - 5. Let i = 197 - 149. Suppose 16*w - 4*w - i = 0. Give l(w).
-25
Let z = -14 - -7. Let a(s) = 45*s - 221. Let n(o) = -13*o + 62. Let p(h) = 2*a(h) + 7*n(h). What is p(z)?
-1
Let n be 3*-9 + (-637)/(-49). Let r(v) = 2*v + 11. Determine r(n).
-17
Let u(q) be the third derivative of -q**5/60 - 19*q**4/24 + 13*q**3/6 + 12*q**2 - 59*q + 1. Give u(-19).
13
Suppose 21*x = 29*x - 56. Suppose 0 - x = f. Let b(t) = -t**2 - 9*t - 3. Calculate b(f).
11
Let f = 429 + -431. Let w(l) = 4*l**2 + l + 4. Determine w(f).
18
Let c = 1775 - 1772. Let u(q) = 2*q**2 + 9*q - 7. What is u(c)?
38
Let k(v) be the first derivative of v**3/3 + 3*v**2/2 - 3*v - 906. Calculate k(-2).
-5
Let i(q) be the third derivative of q**6/120 + q**5/15 - q**4/8 - 5*q**3/6 - 244*q**2. What is i(-4)?
7
Let k = 83 + -81. Let h = 8 - 5. Let d(r) = 2 + r - 4*r**2 + 4*r**3 + 0*r**2 - h*r**3 + r. Give d(k).
-2
Let n(v) = -11*v - 19. Let m(l) = 1378*l + 4139. Let x be m(-3). Give n(x).
-74
Suppose -19*u - 67 = -276. Let z(m) = m**2 - 24*m + 135. Let k be z(u). Let r(j) = 0*j + 5*j + 8*j**2 + j**3 - 3*j. What is r(k)?
-16
Suppose 720*a + 20 = 725*a. Let v = -8 - -11. Let n(f) = -5*f**2 + f**v - 8*f**2 + 2 + 5*f + 8*f**2. Give n(a).
6
Let k(r) = -4*r**2 + 8*r + 141. Let d be k(7). Let o(y) = -8*y**3 - 2*y**2 + 3*y - 2. What is o(d)?
-9
Suppose 0 = -4*g - 2*l + 82, -7*l + 3*l = 4*g - 80. Let n be 9/6*112/g. Suppose 0 = -5*s - 28 + n. Let p(i) = i**2 + 4*i + 5. What is p(s)?
5
Let d(r) be the first derivative of r**4 + 2*r**3/3 - r**2/2 - 5*r - 12720. Give d(-2).
-27
Let j(u) = 17 - 41 + u + 24. Let t be j(-1). Let n(b) = 1. Let f(c) = -c**2 - c. Let x(l) = t*f(l) - 4*n(l). Give x(-4).
8
Let h(g) = 12*g - 192. Let d(z) = -11*z + 168. Let s(q) = -7*d(q) - 6*h(q). Determine s(11).
31
Let r = -18 - -27. Let s be (r/5)/((-4)/(-40)). Let c(x) = -x**3 + 17*x**2 + 20*x - 35. Let a be c(s). Let l(i) = 9*i + 1. Give l(a).
10
Suppose -5*q = -3*r + 28, 5*r - 116 = q - 128. Let t(y) = -18*y - 1. What is t(r)?
71
Let t(i) = -i**3 - 7*i**2 + 2*i + 15. Let f be t(-7). Let n be ((-11 - -6)/5)/(f/(-2)). Let p(w) = 0*w - 2*w + w**2 + 3*w**2 + 2*w**3 - 1. What is p(n)?
27
Let j be 96/44 + 2/(-11). Let t(f) = 1 - 3*f**2 + 0*f**j - 4*f - 1 - 3. Let q(i) = i**2 + 74*i + 71. Let c be q(-73). Give t(c).
-7
Suppose 40*l - 55*l = 18*l + 66. Let k(m) be the first derivative of -3 - 5/2*m**2 - 3*m. Calculate k(l).
7
Let b = -18 - -21. Let m be 0/((2 - b) + 3). Suppose -3*c - 5*t + 19 = m, c + 17 = t + 2*t. Let s(l) = l**3 + 2*l**2 + 2*l. Determine s(c).
-4
Let x(h) = -3*h - 10. Suppose -15*z = -2694 + 3009. Calculate x(z).
53
Let x(v) = 11*v**2 + 27*v - 35. Let w be x(6). Let d = w - 516. Let m(o) = -o**3 + 8*o**2 - 7*o - 9. Determine m(d).
-9
Let i(l) be the third derivative of -l**5/60 + l**4/6 + l**3/2 + 2*l**2. Suppose -3*x + 859 = -6*z + z, -x + 343 = -2*z. Let y = z - -176. Calculate i(y).
-9
Let c(u) = 2783*u**2 + 14 - 5570*u**2 + 2786*u**2 - 8*u. Suppose 3*v - 4*t + t + 18 = 0, 0 = -5*t - 20. Give c(v).
-6
Let r be 4/3*3 + -41. Let t = r + 30. Let u be t/1 + (-10)/(3 + -8). Let g(p) = -2*p + 4. Determine g(u).
14
Let f = -668 - -673. Let r(j) = -3 - 215*j + 110*j - j**3 + 108*j + 4*j**2. Calculate r(f).
-13
Let b(z) = 26*z**3 + 52*z**2 + 10*z + 170. Let r(s) = 5*s**3 + 11*s**2 + 2*s + 34. Let p(o) = -4*b(o) + 21*r(o). Calculate p(-23).
-12
Let g(v) = -v**2 - 137*v + 1007. Let u be g(7). Let y(f) = -f - 6. What is y(u)?
-5
Let a(q) = q - 7. Suppose -2*h + 3*z + 10 = 0, -4*h + 3 = 5*z + 5. Let c = 6673 + -6662. Suppose -c = h*p - 19. Give a(p).
-3
Let d(n) = n**2 + 3*n + 1. Let h be d(-5). Let x = h + -7. Let l(c) = -2*c + 6*c + 1 - 4*c - c + 3. Give l(x).
0
Let z = -995 - -997. Let m(s) be the second derivative of 0 - 18*s + 1/4*s**4 + 3/2*s**z + 1/20*s**5 + 0*s**3. Calculate m(-3).
3
Suppose 0 = -5*k + 3*s + 311, 74 + 2 = k + 4*s. Let b = k - 51. Let i(m) = 30 - m - b - 17. Calculate i(4).
-4
Let q(l) be the third derivative of -l**6/120 + l**5/15 + l**4/24 + l**3/6 + 678*l**2 - l. Suppose 15 = 3*y + 3. Suppose -a = y - 8. Determine q(a).
5
Let t(y) = y + 13. Suppose -2*k = 5*w + 81 + 28, -w - k - 23 = 0. Determine t(w).
-8
Let w be (-4)/14 + (-4 - 90/(-21)). Suppose w = 2*r + 5*z + 21, -2*z = -5*r + 4*r + 12. Let b(f) = -f**3 + f**2 + 2*f - 1. What is b(r)?
-1
Let x(v) be the third derivative of v**6/40 + v**5/60 + v**4/3 + 3*v**3 + 11*v**2 - 6*v + 5. What is x(-3)?
-78
Let k(i) = -i**3 - 12*i**2 - 3*i - 16. Let t be -1*(-8)/(-8) - (-176)/(-16). Determine k(t).
20
Let u(q) = -20*q**2 - 1 - 3*q + 14*q**3 - 15*q**3 + 18*q**2 + 2*q. Suppose -2*p = -5*c - 14, 3*c - 5*p + 8 = -8. Give u(c).
1
Suppose -3*o - 2*o - 5 = 0. Let h be (1 + o)/(-1) - 3. Let p(n) be the second derivative of n**4/12 + n**3/3 - n**2 + 2*n - 5857. Give p(h).
1
Let a(o) = -34*o**2 + 18*o - 3. Let z(f) = 5*f**2 - f. Let l(m) = a(m) + 8*z(m). Give l(3).
81
Let n(o) = -o**2 + o - 1. Let f = -134 + 95. Let m = -43 - f. Give n(m).
-21
Let q(v) = -33*v - 39*v - 2*v**2 + 64*v - 